
13
Let s = 70 - 52. Suppose -d = 0, -72 = -4*t + 3*d - d. What is the greatest common divisor of t and s?
18
Suppose 2*v = 3*t + 61, -5*v - 9*t = -10*t - 159. What is the highest common factor of 224 and v?
32
Let q = 70 + -111. Let p = -39 - q. What is the highest common divisor of p and 10?
2
Suppose 0 = 12*k - 3202 - 1178. Calculate the highest common divisor of 73 and k.
73
Let g be 20 + (3 - 2 - -7 - 4). Calculate the greatest common divisor of 540 and g.
12
Suppose -20*l = 41 - 621. Calculate the highest common factor of 551 and l.
29
Suppose 12*x = 2*x + 2750. Calculate the greatest common factor of 110 and x.
55
Suppose -3*o + 144 = h, 0*h - 288 = -2*h - 4*o. Let q(z) = -2*z**3 + 62*z**2 + 4*z - 106. Let x be q(31). What is the highest common divisor of x and h?
18
Let l(w) = -w**3 + 3*w**2 + 4*w + 4. Let f be l(4). Suppose -13*m + 4*q + 56 = -12*m, -4*m - 4*q = -204. Calculate the greatest common divisor of m and f.
4
Let n(x) = x**3 - x**2 + x + 120. Let a be n(0). Let r(t) = -3*t - 11*t + 7 + 7*t + 6*t. Let w be r(-17). Calculate the highest common divisor of w and a.
24
Let k(p) = 3*p**2 + p. Let b be k(-1). Let g be b + (-4 - -3) - 23. Let d be (-4)/g - (-602)/77. What is the highest common factor of d and 12?
4
Let v be (85/(-20) - -4)*-16. Calculate the greatest common divisor of v and 10.
2
Let a = -985 + 1003. What is the highest common factor of a and 603?
9
Suppose 3*h - 5*r + 569 = 0, 2*r = 3*h + 536 + 39. Let m = h - -337. What is the greatest common divisor of m and 16?
16
Suppose 33 = 3*z - 3. Suppose 0 = -n + 122 - 14. What is the highest common divisor of z and n?
12
Let y(g) = 2*g - 13. Let s be y(6). Let w = -5 + s. Let o be 8/3 + (-2)/w. Calculate the greatest common factor of o and 30.
3
Let h = 16 + -13. Suppose 42 = 2*n + h*q, 3*n - 5*q + 61 = 162. Calculate the highest common divisor of 18 and n.
9
Suppose 0 = 3*u - 4*z - 35, 2*u - 3*u - z + 7 = 0. Calculate the greatest common divisor of u and 42.
3
Let q be (6/4)/(3/252). Let i be (2 - -6)*70/8. Suppose -6*d - i = -11*d. Calculate the highest common divisor of q and d.
14
Let c(w) = -85*w - 813. Let g be c(-10). What is the highest common factor of 148 and g?
37
Let g be (15 - -2)/(-7 + 648/92). What is the highest common divisor of 23 and g?
23
Suppose -3*d + 2 = -10. Let k be (16/6)/((-21)/(-4284)*8). What is the greatest common factor of k and d?
4
Let h(k) be the first derivative of k**3/3 - 31*k**2/2 + 33*k + 17. Let g be h(30). What is the highest common divisor of g and 6?
3
Suppose -3*p + 6*p = -2*d + 93, 0 = -5*p - 25. What is the greatest common factor of d and 18?
18
Suppose -2*g = -2*f + 2*g - 104, -g = 3*f + 184. Let x = -20 - f. Let w = 54 - x. What is the greatest common factor of 56 and w?
14
Let q = 1297 + -958. What is the greatest common divisor of q and 791?
113
Let g(b) = -b + 2. Let d be g(-8). Let m be (-9)/(-1 + -2) + 0. Let v be (-495)/(-12)*8/m. What is the greatest common factor of v and d?
10
Let n(k) be the second derivative of k**4/3 + 2*k**3 - 27*k**2/2 + 2*k - 15. Let z be n(6). Calculate the highest common divisor of z and 7.
7
Let z(c) = 2*c**3 - 18*c**2 - 2*c + 22. Let w be z(9). Calculate the greatest common divisor of 6 and w.
2
Suppose 2*a + 240 = 17*a. Calculate the highest common divisor of 272 and a.
16
Let t(x) = x**3 + 3*x**2 + 2*x. Let m be t(-2). Suppose m = -4*s + 3*s + 9. Let o = -2 + 5. What is the highest common divisor of s and o?
3
Let l(s) = 17*s - 17. Let i be l(5). What is the highest common divisor of i and 102?
34
Let l = 6 - 6. Let y = 9 + l. Calculate the greatest common factor of 27 and y.
9
Let o be (6 + 63)*6/((-54)/(-15)). Let a(t) = -t**3 - 9*t**2 - 10*t + 7. Let x be a(-8). Calculate the greatest common divisor of o and x.
23
Suppose n - 37 = 4*o, -3*o + 0 + 23 = n. Calculate the highest common factor of n and 377.
29
Let l = 21 + -11. Let r(k) = -k**2 + 10*k + 8. Let x be r(l). Suppose -32 = 4*g - x*g. Calculate the highest common divisor of g and 40.
8
Let h = 77 + -17. Suppose -l - 49 = -c, -c = -46*l + 49*l - 33. Calculate the highest common divisor of c and h.
15
Let t(o) = -o**2 + 13*o. Let m be t(10). Let s = -21 + m. Suppose j = -0*j + 27. What is the highest common factor of j and s?
9
Let a = -1872 - -1947. Calculate the greatest common factor of 195 and a.
15
Let s be -3 - (5 - 3)/2. Let x(t) = -2*t**3 + 4*t - 3. Let f be x(s). Suppose 5*g = f + 11. What is the highest common factor of 3 and g?
3
Suppose 4*o - 3*o = 8. Suppose -7 + 12 = -5*h. Let x be 75/(5/h)*8/(-6). What is the greatest common divisor of x and o?
4
Let x be (-5)/((-100)/255)*8/6. Calculate the greatest common factor of x and 68.
17
Let d = -80 - -75. Let l(a) = a**2 - 11. Let v be l(d). Calculate the highest common divisor of v and 154.
14
Suppose 104 - 370 = -2*q - 5*n, 4*n = -q + 136. What is the greatest common divisor of 8 and q?
8
Suppose 0 = 9*t + 3*t - 792. Let c = 25 + 19. What is the greatest common divisor of c and t?
22
Suppose 20*q = 17*q + 4*v + 266, 4*v = -8. What is the highest common factor of q and 129?
43
Suppose -4*r - 5*t = -367, -3*r - 2*t + 94 = -2*r. Calculate the greatest common factor of r and 24.
8
Suppose 4*b - 32 - 24 = 0. Let a = 470 + -316. Calculate the highest common divisor of a and b.
14
Let r be -1 + -6 + 3 + 6. Suppose -2*j = r*i - 732, 3*i + 5*j = 4*i - 384. What is the greatest common divisor of 41 and i?
41
Suppose -3*x - 942 = -4*k - 0*x, -5*k + 5*x = -1180. What is the highest common factor of k and 26?
26
Let u(z) = -2*z - 9. Let s be u(-7). Let t = 32 - 6. Suppose 0 = -7*p + t + 9. What is the highest common divisor of s and p?
5
Let y = 4 + 1. Let u be 4*(75/12 + 0). Calculate the highest common factor of u and y.
5
Suppose -l - 2*l = 3. Let g(u) = -u**2 + 12*u - 25. Let r be g(9). Let y be (l + r)*8 - -2. What is the highest common divisor of 10 and y?
10
Let l(t) = -23*t - 14. Let g be l(-14). Let z = 103 + -59. Calculate the greatest common factor of g and z.
44
Suppose 182 + 298 = 12*z. Calculate the greatest common factor of z and 180.
20
Suppose -4*y + 3*w = -69, 2*y - 5*w + 8*w = 57. What is the greatest common factor of 15 and y?
3
Let z(o) = -4*o - 1. Let s be z(-2). Suppose 12*y = s*y + 20. Suppose l + 15 = y*l. Calculate the greatest common factor of l and 15.
5
Let t = -1665 - -1794. What is the highest common divisor of t and 172?
43
Let d = 86 - 86. Suppose d*h + 3*h = 150. Calculate the greatest common factor of h and 25.
25
Let n(y) be the second derivative of -y**5/20 - 2*y**4/3 + 3*y**3/2 + 7*y**2/2 + 14*y. Let q be n(-9). Calculate the highest common factor of q and 77.
7
Let p be (-4484)/(-10) + (-78)/195. Calculate the highest common factor of 56 and p.
56
Let m(z) = 4*z - 5. Let l be m(-11). Let v = -28 - l. Suppose 3*t - v - 30 = 0. Calculate the greatest common divisor of 136 and t.
17
Let v = 350 + 400. Calculate the highest common divisor of v and 30.
30
Suppose h + 0*h - 29 = -5*n, -5*n + 13 = -3*h. Let x be 2/(8/(-12)) + 28. What is the greatest common factor of x and n?
5
Suppose b + 2*g - 34 = 0, 2*g - 3 = 3*g. Calculate the highest common factor of 24 and b.
8
Let r = -121 - -212. What is the greatest common factor of r and 7?
7
Suppose -5*c = -k - 996, 4*c + 2*k - 808 = -0*k. Let s be 15*((-21)/15 - -1). Let b be (4 - s)*10/4. What is the highest common factor of b and c?
25
Suppose 2*t + 24 = 4*t. Suppose -15 = -t*a + 9*a. Let v = a + 128. What is the greatest common divisor of v and 19?
19
Let v = 153 + -154. Let j(x) = -23*x**3 + 2*x**2 + x - 1. Let o be j(v). What is the highest common divisor of 161 and o?
23
Suppose 0 = -5*u + 40 + 340. Calculate the greatest common factor of 114 and u.
38
Let z(c) = c**2 - 6*c + 7. Suppose -4*l = 3*w + 2*w - 25, -l = -2*w - 3. Let g be z(l). What is the greatest common divisor of g and 3?
1
Let v = -20 - -40. Let k = v + -13. Suppose -55 = 2*s - k*s. Calculate the highest common factor of 44 and s.
11
Suppose 2*d + 1 = 47. Let o = d + -14. What is the greatest common factor of 3 and o?
3
Suppose 2*h = -3*u + 4*h + 12, 0 = -2*u - h + 1. Let t = 5 - u. Suppose -a + 52 = t*y, 80 = 3*y + 2*y - 5*a. Calculate the highest common factor of 153 and y.
17
Let l(y) = -y**3 + 14*y**2 + 30 + 4*y**2 + y + 3*y*